ided by 38?
18
What is the remainder when 426498 is divided by 38701?
787
What is the remainder when 290763 is divided by 769?
81
What is the remainder when 107982 is divided by 15415?
77
Calculate the remainder when 6139740 is divided by 682192.
12
Calculate the remainder when 19676396 is divided by 621.
11
Calculate the remainder when 9235912 is divided by 40156.
32
What is the remainder when 6685099 is divided by 303?
10
Calculate the remainder when 127942428 is divided by 6280.
6268
Calculate the remainder when 216318 is divided by 6888.
2790
Calculate the remainder when 5627 is divided by 1861.
44
What is the remainder when 3394773 is divided by 308600?
173
Calculate the remainder when 232931 is divided by 76977.
2000
Calculate the remainder when 31434 is divided by 4420.
494
Calculate the remainder when 3378342 is divided by 945.
912
Calculate the remainder when 17591565 is divided by 377.
368
What is the remainder when 242898 is divided by 242575?
323
What is the remainder when 360813 is divided by 12?
9
What is the remainder when 80436 is divided by 3621?
774
What is the remainder when 593453 is divided by 24693?
821
Calculate the remainder when 632924487 is divided by 46.
45
Calculate the remainder when 4991334 is divided by 329.
75
What is the remainder when 554782 is divided by 554777?
5
Calculate the remainder when 3325099 is divided by 475005.
64
Calculate the remainder when 2342913 is divided by 1171398.
117
Calculate the remainder when 2401589 is divided by 1998.
1991
Calculate the remainder when 124813 is divided by 1006.
69
What is the remainder when 783 is divided by 213?
144
Calculate the remainder when 1692425 is divided by 1932.
1925
What is the remainder when 32950 is divided by 4696?
78
What is the remainder when 161727999 is divided by 160?
159
What is the remainder when 45186266 is divided by 1410?
1406
What is the remainder when 20422007 is divided by 5105460?
167
What is the remainder when 37044 is divided by 2305?
164
What is the remainder when 1379364 is divided by 23?
8
Calculate the remainder when 150934 is divided by 1861.
193
What is the remainder when 91932 is divided by 2963?
79
What is the remainder when 13309854 is divided by 18?
6
Calculate the remainder when 6641695 is divided by 231.
214
Calculate the remainder when 2862141 is divided by 1470.
51
What is the remainder when 842174 is divided by 861?
116
What is the remainder when 17171839 is divided by 160?
159
What is the remainder when 2780901 is divided by 6236?
5881
What is the remainder when 14288100 is divided by 65?
60
What is the remainder when 344241 is divided by 1049?
169
What is the remainder when 1380196 is divided by 1723?
73
What is the remainder when 1555419 is divided by 14402?
3
What is the remainder when 6448462 is divided by 176?
174
Calculate the remainder when 1092678 is divided by 68287.
86
What is the remainder when 1119330 is divided by 1119322?
8
What is the remainder when 1620631 is divided by 1632?
55
Calculate the remainder when 70431 is divided by 1375.
306
What is the remainder when 24916771 is divided by 2611?
2609
Calculate the remainder when 6861155 is divided by 6861129.
26
Calculate the remainder when 20568500 is divided by 1449.
1394
What is the remainder when 62600841 is divided by 2318549?
18
Calculate the remainder when 159463582 is divided by 9.
7
Calculate the remainder when 1232624 is divided by 21.
8
What is the remainder when 577407371 is divided by 15?
11
What is the remainder when 343221 is divided by 300?
21
Calculate the remainder when 9673927 is divided by 4836953.
21
What is the remainder when 39709 is divided by 180?
109
Calculate the remainder when 185666 is divided by 16.
2
What is the remainder when 3335370 is divided by 35?
10
What is the remainder when 39330 is divided by 7527?
1695
Calculate the remainder when 14465051 is divided by 1882.
1881
Calculate the remainder when 203548434 is divided by 7709.
7707
What is the remainder when 93079 is divided by 2708?
1007
What is the remainder when 9777553 is divided by 338?
227
What is the remainder when 623129 is divided by 2049?
233
What is the remainder when 10146013 is divided by 346?
255
Calculate the remainder when 303528 is divided by 10268.
5756
What is the remainder when 5448080 is divided by 427?
414
What is the remainder when 22075364 is divided by 15?
14
Calculate the remainder when 96344 is divided by 120.
104
What is the remainder when 12067876 is divided by 440?
436
Calculate the remainder when 327704582 is divided by 2374.
2370
Calculate the remainder when 77654 is divided by 3128.
2582
What is the remainder when 20764392 is divided by 423763?
5
What is the remainder when 77026 is divided by 3496?
114
Calculate the remainder when 2384035 is divided by 2383834.
201
Calculate the remainder when 1030312 is divided by 1146.
58
Calculate the remainder when 103449520 is divided by 490282.
18
What is the remainder when 1407518 is divided by 43?
42
Calculate the remainder when 176494 is divided by 16039.
65
Calculate the remainder when 513388 is divided by 513222.
166
Calculate the remainder when 562142 is divided by 381.
167
Calculate the remainder when 75538746 is divided by 24.
18
Calculate the remainder when 994244 is divided by 331272.
428
Calculate the remainder when 1411181 is divided by 287.
2
Calculate the remainder when 11085 is divided by 1067.
415
What is the remainder when 32165008 is divided by 8041245?
28
Calculate the remainder when 23280446 is divided by 159.
143
What is the remainder when 1088074 is divided by 83696?
26
Calculate the remainder when 365565198 is divided by 12782.
12780
Calculate the remainder when 538093 is divided by 4411.
4362
What is the remainder when 1117506 is divided by 305?
291
Calculate the remainder when 51381 is divided by 5094.
441
What is the remainder when 57721527 is divided by 563?
515
What is the remainder when 164788910 is divided by 140485?
5
What is the remainder when 570089 is divided by 189968?
185
What is the remainder when 3054725 is divided by 33?
14
Calculate the remainder when 101774 is divided by 11287.
191
What is the remainder when 50207610 is divided by 90?
30
What is the remainder when 35070662 is divided by 169?
120
What is the remainder when 74013 is divided by 18496?
29
What is the remainder when 9703895 is divided by 20?
15
Calculate the remainder when 8067462 is divided by 69.
51
Calculate the remainder when 1102728 is divided by 275662.
80
Calculate the remainder when 2192316 is divided by 2529.
2202
What is the remainder when 96018 is divided by 2330?
488
What is the remainder when 7611091 is divided by 3817?
3810
What is the remainder when 65039 is divided by 8129?
7
What is the remainder when 604360 is divided by 181?
1
Calculate the remainder when 199828 is divided by 19980.
28
What is the remainder when 13297069 is divided by 3896?
21
What is the remainder when 1027402 is divided by 1157?
1143
What is the remainder when 37252814 is divided by 58?
52
Calculate the remainder when 786370 is divided by 1574.
944
Calculate the remainder when 90322 is divided by 44922.
478
Calculate the remainder when 3139747 is divided by 627944.
27
Calculate the remainder when 61467309 is divided by 46.
39
Calculate the remainder when 304391228 is divided by 1046.
1044
Calculate the remainder when 12796 is divided by 57.
28
What is the remainder when 1394779199 is divided by 201?
200
Calculate the remainder when 78279989 is divided by 1053.
1022
What is the remainder when 1684376 is divided by 561316?
428
Calculate the remainder when 295692 is divided by 1280.
12
Calculate the remainder when 5038452 is divided by 95065.
7
What is the remainder when 74819430 is divided by 118?
114
What is the remainder when 190332 is divided by 972?
792
Calculate the remainder when 7381570 is divided by 3024.
3010
What is the remainder when 10968588 is divided by 288646?
40
What is the remainder when 9013309 is divided by 4527?
52
What is the remainder when 19098957 is divided by 31?
12
Calculate the remainder when 246011 is divided by 1171.
101
What is the remainder when 92196546 is divided by 71?
64
Calculate the remainder when 2547431 is divided by 1372.
999
Calculate the remainder when 28795 is divided